der when r is divided by w.
6
Let n(m) = 2*m**2 + 12*m + 60. Let g be n(-7). Suppose -23*o + 24*o = g. What is the remainder when o is divided by 16?
10
Suppose -2*m - 7 = -0*z - z, 4*z = 5*m + 43. Let y = -1441 - -1450. Calculate the remainder when z is divided by y.
8
Suppose 2*t - 109 = 797. Calculate the remainder when t is divided by 24.
21
Suppose 41*n = 34*n + 70. Calculate the remainder when 25 is divided by n.
5
Suppose 4*j = -545 + 145. Let k be (j/(-6))/((-4)/12). Let m = -29 - k. What is the remainder when 40 is divided by m?
19
Let d be -4 + 4/(8/26). Let q(m) = 3*m - 19. Let u be q(d). Let j(l) = 2*l + 2. Calculate the remainder when j(u) is divided by 7.
4
Let m(l) = -l**3 - 5*l**2 + 5*l - 4. Let z be m(-6). Suppose z*n + 5*y - 26 = 0, -2*y + 13 = n + 3*y. What is the remainder when 64 is divided by n?
12
Let m = -297 - -417. Calculate the remainder when m is divided by 16.
8
Let s = 796 - 557. Calculate the remainder when s is divided by 16.
15
Let b be (206/(-4))/(3/6). Let m(k) = k**3 - 11*k**2 + 26*k - 17. Let l be m(6). Let s = l - b. Calculate the remainder when s is divided by 32.
30
Let k = -9 + 9. Suppose q - 6 - 10 = k. What is the remainder when 94 is divided by q?
14
Let n = -44 + 44. Suppose n = 5*f + 2*f - 91. Calculate the remainder when 47 is divided by f.
8
Let s(n) = n**3 - 5*n**2 + 11*n - 118. What is the remainder when s(7) is divided by 50?
7
Let y be 351/(-18)*(-4)/3. Suppose 3*j = u - 54, -7*u + 4*u = -2*j - 36. Let x = j + y. Calculate the remainder when x is divided by 3.
2
Let d = -127 + 239. Calculate the remainder when d is divided by 24.
16
Let j(v) = 3*v - 4. Let r be j(-4). Let y = 17 + r. Calculate the remainder when 10 is divided by (2 - y)/((-1)/(-6)).
4
Let y(t) = 10*t**2 + 8*t**2 - t - 5*t**2. Let m(v) = v**2 + 3*v - 3. What is the remainder when m(4) is divided by y(-1)?
11
Let w = -11 - -14. What is the remainder when 45/2*2/w is divided by 6?
3
Suppose 2*a - 5*b = 131, 2*b - 169 = -2*a - 3. Let x = 16 + -6. What is the remainder when a is divided by x?
8
Suppose 0 = -4*j + 2*w + 58, -29 = -2*j - 3*w + 20. Let g(r) = r**2 - 16*r + 14. What is the remainder when g(j) is divided by 17?
14
Let q = 53 - -5. Calculate the remainder when q is divided by (-1)/((-39)/(-20) - 2).
18
Calculate the remainder when 127 is divided by (-2)/10 + ((-242)/(-10) - -2).
23
Suppose -18 = -5*l + 27. Calculate the remainder when 28 is divided by l.
1
Suppose -v + 5*d + 40 = 0, d + 104 = 14*v - 9*v. What is the remainder when v is divided by 13?
7
Suppose 4*g - 216 = -g - h, 5*g + 5*h = 200. What is the remainder when 86 is divided by g?
42
Suppose -4*v - 56 = -4*h, -3*v = 4*h - 0*v - 91. Suppose 509*z + 490 = 523*z. What is the remainder when z is divided by h?
16
Let q(f) = -f**3 - 17*f**2 - 11*f - 39. Let s be q(-16). Let b = 176 + s. What is the remainder when b is divided by 20?
17
Let n be (14/4 - 3)*-30. Let z(m) = -3*m + 58. What is the remainder when z(n) is divided by 15?
13
Suppose -18 = -2*o - 0*d + 3*d, 0 = -o - 2*d - 5. Let b be o/9 + 48/(-9). Let c = b - -17. Calculate the remainder when c is divided by 7.
5
Let i(y) = 80*y - 302. Let h be i(4). Let l(o) = -3 + o**2 + 9 + 0*o**2 - 18*o. What is the remainder when 19 is divided by l(h)?
1
Suppose 4*j = -f + 3, 0*f + 17 = 3*f + 4*j. Let b(c) = 2*c**2 - 5*c + 5. Calculate the remainder when b(3) is divided by f.
1
Let i(f) = 2*f**3 - f**2 + 4*f - 1. Let g be i(3). Let w = -36 + g. What is the remainder when w is divided by 6?
2
Suppose 56 = -v + 87. Calculate the remainder when 59 is divided by v.
28
Let v = 137 + -71. Suppose 4*m - v = m. Calculate the remainder when 43 is divided by m.
21
Suppose 15 = 5*l + 50. Let v = l + 10. Suppose -m + 2*d = -11, 2*d + d + v = 0. What is the remainder when 34 is divided by m?
7
Let v(q) = 2*q + 14. Let o(x) = -5*x - 27. Let h(w) = 3*o(w) + 7*v(w). Let p be h(12). What is the remainder when (-3 + p)*(-115)/(-10) is divided by 5?
3
Let h(g) = -45*g + 468. Calculate the remainder when 41 is divided by h(10).
5
Calculate the remainder when 280 is divided by 2/(-6)*-173 + (-2)/3.
52
Suppose 0*s - 59 = -3*s + 4*d, -s - d = -22. Let x(v) = 7*v - 28. Calculate the remainder when x(s) is divided by 24.
23
Suppose 3*r - 9 - 3 = 0. Suppose 5*n + m - 35 = 0, r*n - 2*m + 5*m = 28. What is the remainder when 27 is divided by n?
6
Let w(u) = u**2 - 6*u + 4. Let x = -26 + 31. What is the remainder when x is divided by w(6)?
1
Suppose -25*k + 36*k = 308. Calculate the remainder when k is divided by 6.
4
Let w be (-6)/4 - 8742/(-12). Suppose -239 - w = -14*t. Calculate the remainder when t is divided by 25.
19
Let o(c) = c**2 + 9*c + 2. Calculate the remainder when 248 is divided by o(-10).
8
Let o(m) = -5*m**2 - 11*m - 285. Let b(a) = 9*a**2 + 21*a + 570. Let c(u) = 4*b(u) + 7*o(u). Calculate the remainder when c(0) is divided by 41.
39
Let z(o) = -o**3 - o**2 - o + 35. Let s be 2 + -1 - 63/21. Calculate the remainder when z(0) is divided by s*(2 + 115/(-10)).
16
What is the remainder when (8/12)/((-32)/(-912)) is divided by 13?
6
Let s(i) = -i**3 + 158. Let u = -16 - -16. Let j be s(u). Let m = j + -95. What is the remainder when m is divided by 22?
19
Let x(b) = -b**2 + 3*b - 13. Let h(r) = -5*r**2 + 13*r - 51. Let m(q) = 2*h(q) - 9*x(q). Calculate the remainder when m(0) is divided by 6.
3
Suppose -3*x + 69 = -f, 0 - 5 = 5*x. Let h = f - -103. Calculate the remainder when h is divided by 16.
15
Suppose 14*k = 4*k + 200. What is the remainder when 131 is divided by k?
11
Suppose u - 24 = 2*h, h - 2 = 2*u - 14. Let b be ((-105)/h)/7*4. Suppose -3*o + 2 = -3*k - 1, b*k - 1 = 4*o. What is the remainder when o is divided by 4?
2
Let h(z) = z**3 + 31*z**2 - 166*z - 1. Calculate the remainder when h(-35) is divided by 16.
13
Let l(r) = -9*r - 5. Let q be l(-5). Suppose 5*h - q = -5*n, -4*n + 5*h - 2*h - 3 = 0. What is the remainder when 10 is divided by n?
1
Let o be ((-2)/(-3))/(10/(-165)). Calculate the remainder when 18 is divided by (8 + o)/(6/(-20)).
8
Let r = 26 - -147. Suppose -223 = -12*y + r. Calculate the remainder when 229 is divided by y.
31
Let u(d) = -d**2 + 2*d - 1. Let m be u(2). Suppose 200 = 52*v - 32*v. What is the remainder when 29 + (0 + -3 - m) is divided by v?
7
Let f be 2/(-4)*(-1 + 1). Suppose f = 5*y + 105. Let d = -14 - y. Calculate the remainder when 19 is divided by d.
5
Let r = -542 - -600. Calculate the remainder when 112 is divided by r.
54
Suppose -2 = j, j = 3*s - 41 - 36. Let q = -7 + s. Let a(i) = -i**3 + 7*i**2 + i. What is the remainder when a(4) is divided by q?
16
Let o be 0 - (-2 + -2)/(-4). Let w be (o - -3)*(-10)/(-4). Suppose 110 = 5*h - w*y, -14 = -h + 4*y + 2. What is the remainder when 93 is divided by h?
21
Suppose 2*h + k = 94, 2*h + k + 2*k = 98. What is the remainder when 134 is divided by h?
42
Suppose v = -10 - 32. Let o(w) = w**2 - w + 9. Calculate the remainder when (v/(-15))/(2/60) is divided by o(5).
26
Let w = 101 + -47. Suppose 0 = -5*f + 11 + w. Calculate the remainder when 89 is divided by f.
11
Suppose 0 = 4*o, 5*g + 5*o - 35 = 65. Let p be 41/(-2) + 2/(-4). Let f = -10 - p. What is the remainder when g is divided by f?
9
Suppose 123*y = 112*y + 638. What is the remainder when 229 is divided by y?
55
Let s(b) = -b**2 - 24*b + 13. What is the remainder when 37 is divided by s(-23)?
1
Let j = -789 + 850. Calculate the remainder when 119 is divided by j.
58
Suppose 3*k - 19 = 26. Let p(u) = u**3 - 7*u**2 - 15*u - 3. Let s be p(8). Let y = s + 117. What is the remainder when y is divided by k?
13
Let p = -679 + 735. What is the remainder when 287 is divided by p?
7
Let w = -102 - -116. Let x = -56 + 83. What is the remainder when x is divided by w?
13
Let q = -37 - -24. What is the remainder when 94 is divided by 2/(6/9) - q?
14
Let p(z) = -4*z. Suppose -11 = 5*r - 1. Suppose -2*n = 3*n - 145. What is the remainder when n is divided by p(r)?
5
Let g(r) = -6*r - 20. Suppose 5*i - 4 = -29, -2*q + 44 = 2*i. Suppose -22*f + 30 = -q*f. Calculate the remainder when 62 is divided by g(f).
14
What is the remainder when (-174 - 0)*(-13)/26 is divided by 3?
0
Suppose -4*o - o - 54 = -2*i, 4*i = 4*o + 48. Let n(h) = h**2 + 4*h + 17. What is the remainder when n(o) is divided by 26?
2